n 4627333 is divided by 1469.
1452
Calculate the remainder when 3080690 is divided by 3080689.
1
What is the remainder when 99338249 is divided by 61586?
31
What is the remainder when 99067670 is divided by 3990?
3950
What is the remainder when 954183 is divided by 86743?
10
Calculate the remainder when 184332253 is divided by 10354.
10345
What is the remainder when 35166 is divided by 5397?
2784
Calculate the remainder when 1308616 is divided by 112.
8
What is the remainder when 1144855 is divided by 355?
335
Calculate the remainder when 343991021 is divided by 3675.
3671
Calculate the remainder when 116363 is divided by 15381.
8696
Calculate the remainder when 5897198 is divided by 641.
639
What is the remainder when 15755 is divided by 3935?
15
What is the remainder when 857208 is divided by 7327?
7276
What is the remainder when 3849174 is divided by 396?
54
What is the remainder when 2746964 is divided by 1014?
38
Calculate the remainder when 2443963 is divided by 22628.
139
What is the remainder when 57849023 is divided by 23?
21
Calculate the remainder when 209781211 is divided by 69927067.
10
Calculate the remainder when 966934 is divided by 15348.
10
Calculate the remainder when 23694866 is divided by 569.
568
What is the remainder when 61236 is divided by 2052?
1728
What is the remainder when 170985433 is divided by 3478?
3475
What is the remainder when 523986219 is divided by 1338?
1335
Calculate the remainder when 83680 is divided by 95.
80
Calculate the remainder when 31246529 is divided by 952.
937
What is the remainder when 127250 is divided by 6590?
2040
What is the remainder when 69975982 is divided by 630?
622
What is the remainder when 11776 is divided by 353?
127
What is the remainder when 3156315 is divided by 263022?
51
Calculate the remainder when 3961671 is divided by 6959.
2000
Calculate the remainder when 321182 is divided by 221.
69
Calculate the remainder when 9496636 is divided by 1192.
1164
What is the remainder when 1796454 is divided by 1617?
1584
Calculate the remainder when 9034897 is divided by 245.
32
What is the remainder when 90337 is divided by 29126?
2959
Calculate the remainder when 1281633 is divided by 882.
87
Calculate the remainder when 8073421 is divided by 5591.
17
Calculate the remainder when 3147857 is divided by 1319.
723
Calculate the remainder when 394861 is divided by 1023.
1006
Calculate the remainder when 112354716 is divided by 282.
276
Calculate the remainder when 2162510 is divided by 21.
14
Calculate the remainder when 504175347 is divided by 18.
9
What is the remainder when 20572 is divided by 693?
475
What is the remainder when 810270045 is divided by 42?
39
What is the remainder when 230166 is divided by 8352?
4662
What is the remainder when 4758483 is divided by 91509?
15
Calculate the remainder when 1675242 is divided by 239317.
23
Calculate the remainder when 27037025 is divided by 1185.
65
Calculate the remainder when 126851592 is divided by 11.
10
What is the remainder when 1067639 is divided by 177843?
581
Calculate the remainder when 795282 is divided by 799.
277
What is the remainder when 14001929 is divided by 166?
161
What is the remainder when 507824 is divided by 477?
296
What is the remainder when 20076 is divided by 3506?
2546
What is the remainder when 266093 is divided by 2833?
2624
What is the remainder when 14380 is divided by 5994?
2392
What is the remainder when 1323582559 is divided by 80?
79
What is the remainder when 60116 is divided by 1008?
644
Calculate the remainder when 90084533 is divided by 132.
77
Calculate the remainder when 10125 is divided by 1854.
855
What is the remainder when 4787861 is divided by 95757?
11
Calculate the remainder when 9619093 is divided by 6861.
6832
What is the remainder when 1290230 is divided by 94?
80
What is the remainder when 1928268 is divided by 96412?
28
What is the remainder when 103494427 is divided by 155?
152
Calculate the remainder when 204948 is divided by 201912.
3036
Calculate the remainder when 157723910 is divided by 188.
182
Calculate the remainder when 544623 is divided by 15517.
1528
Calculate the remainder when 2542094 is divided by 1280.
14
What is the remainder when 58570 is divided by 223?
144
Calculate the remainder when 26177196 is divided by 2181432.
12
Calculate the remainder when 16952405 is divided by 243.
239
What is the remainder when 220608 is divided by 6153?
5253
Calculate the remainder when 346157 is divided by 2806.
1019
Calculate the remainder when 6016731 is divided by 402.
399
Calculate the remainder when 27582895 is divided by 101.
98
Calculate the remainder when 328905 is divided by 731.
686
What is the remainder when 364000284 is divided by 570?
564
What is the remainder when 9345186 is divided by 86?
82
Calculate the remainder when 3416997 is divided by 1138997.
6
Calculate the remainder when 536404837 is divided by 101.
99
What is the remainder when 1947513 is divided by 139097?
155
What is the remainder when 780833 is divided by 780715?
118
What is the remainder when 14301 is divided by 4735?
96
Calculate the remainder when 59468 is divided by 11671.
1113
What is the remainder when 17789683 is divided by 5041?
5035
What is the remainder when 22347515 is divided by 403?
359
Calculate the remainder when 11617439 is divided by 21474.
5
Calculate the remainder when 3360451 is divided by 1456.
3
What is the remainder when 6368326 is divided by 27?
25
Calculate the remainder when 125260319 is divided by 60.
59
What is the remainder when 703728 is divided by 1988?
1964
What is the remainder when 2669528699 is divided by 850?
849
Calculate the remainder when 33940 is divided by 7595.
3560
What is the remainder when 1991596 is divided by 199158?
16
Calculate the remainder when 340888 is divided by 118.
104
What is the remainder when 246804 is divided by 142?
8
Calculate the remainder when 57826619 is divided by 41.
14
What is the remainder when 1029126 is divided by 318?
78
What is the remainder when 21803 is divided by 1539?
257
What is the remainder when 3173845 is divided by 6092?
6005
Calculate the remainder when 199771813 is divided by 151.
21
What is the remainder when 1246694 is divided by 801?
338
Calculate the remainder when 1641668601 is divided by 1398.
1395
Calculate the remainder when 118837 is divided by 1544.
1493
Calculate the remainder when 454135 is divided by 226793.
549
What is the remainder when 331853 is divided by 1234?
1141
What is the remainder when 22783681 is divided by 666?
487
Calculate the remainder when 29364053 is divided by 119366.
17
Calculate the remainder when 19616061 is divided by 8.
5
Calculate the remainder when 3403471 is divided by 334.
11
What is the remainder when 1746829 is divided by 1746782?
47
Calculate the remainder when 2019611 is divided by 288511.
34
Calculate the remainder when 7148933 is divided by 38.
31
Calculate the remainder when 12957931 is divided by 149.
146
What is the remainder when 1559726 is divided by 1408?
1070
Calculate the remainder when 1184901 is divided by 26908.
949
Calculate the remainder when 324428 is divided by 1715.
293
Calculate the remainder when 87985 is divided by 87570.
415
What is the remainder when 309867187 is divided by 610?
607
Calculate the remainder when 29828697 is divided by 1242862.
9
Calculate the remainder when 3002274 is divided by 163.
140
Calculate the remainder when 1501343 is divided by 8990.
13
Calculate the remainder when 167246 is divided by 20902.
30
What is the remainder when 70166397 is divided by 303?
81
Calculate the remainder when 2611140 is divided by 3915.
3750
Calculate the remainder when 32965661 is divided by 1019.
1011
What is the remainder when 22180511 is divided by 272?
271
Calculate the remainder when 662613 is divided by 64.
21
Calculate the remainder when 16243 is divided by 2132.
1319
What is the remainder when 145786 is divided by 98?
60
What is the remainder when 6011535 is divided by 50096?
15
Calculate the remainder when 20632471 is divided by 5467.
13
What is the remainder when 396975 is divided by 3852?
219
What is the remainder when 6133114 is divided by 4747?
4737
Calculate the remainder when 28925237 is divided by 7362.
7301
What is the remainder when 231521